
In base 10, what is -47660 - -3?
-47657
In base 3, what is -10201 + -12022112?
-12110020
In base 10, what is 0 + 5829?
5829
In base 8, what is -7 + 53547?
53540
In base 9, what is -7788 - 17?
-7816
In base 10, what is -6 + 1095?
1089
In base 6, what is -1352141 - -5?
-1352132
In base 15, what is -1 - 5744?
-5745
In base 2, what is -10000011111 + 11010101000?
1010001001
In base 10, what is -219628 + 3?
-219625
In base 14, what is 2572 + -74?
24dc
In base 9, what is 0 + 366746?
366746
In base 3, what is 100 + 2021111011?
2021111111
In base 3, what is 10211100221022 + 1?
10211100221100
In base 13, what is -292 - 3b?
-300
In base 11, what is -4094 - 7?
-40a0
In base 3, what is -1100 + -1212221?
-1221021
In base 7, what is 1615266 + 0?
1615266
In base 12, what is 433665 - 5?
433660
In base 14, what is 4 - 5391?
-538b
In base 10, what is 11149 - 121?
11028
In base 13, what is 5b + -345?
-2b7
In base 6, what is 3 - 1040344?
-1040341
In base 10, what is -22 + -1449?
-1471
In base 6, what is -5 - -10331455?
10331450
In base 11, what is 119426 - 1?
119425
In base 2, what is 101 + -111011011111011011?
-111011011111010110
In base 16, what is -201a6 - -5?
-201a1
In base 13, what is -133 - -1966?
1833
In base 10, what is 5484 - 270?
5214
In base 5, what is 3 + 13003?
13011
In base 15, what is -9de7 + -8?
-9e00
In base 2, what is 101 - 1110011100010110?
-1110011100010001
In base 16, what is 469a3 - -4?
469a7
In base 14, what is 5 + cbdc?
cc03
In base 14, what is -6c + 467d?
4611
In base 10, what is 0 - 36725?
-36725
In base 7, what is -1126422 + 5?
-1126414
In base 13, what is 1 + -14162?
-14161
In base 8, what is 13 - 62575?
-62562
In base 16, what is -f788 - 5?
-f78d
In base 14, what is 4a32 + -1?
4a31
In base 5, what is -13244143 + 4?
-13244134
In base 2, what is 10000 + -111000101001110101?
-111000101001100101
In base 2, what is 1011110 - 11101001?
-10001011
In base 3, what is 100 + 12012202?
12020002
In base 15, what is 889 - 22?
867
In base 16, what is -3 + -d101d?
-d1020
In base 3, what is 11 - 1201011201?
-1201011120
In base 7, what is -2 - -11421103?
11421101
In base 10, what is 0 - -32856?
32856
In base 12, what is -29 - 8186?
-81b3
In base 2, what is -100 + -10000100001110001?
-10000100001110101
In base 11, what is -a26 - 1a31?
-2957
In base 8, what is -676 + 4?
-672
In base 11, what is -340 - 103?
-443
In base 8, what is -7271667 + -5?
-7271674
In base 4, what is -32223001 + 20?
-32222321
In base 7, what is -4 + -10413?
-10420
In base 10, what is -42 - -869?
827
In base 6, what is -30241345 + 5?
-30241340
In base 11, what is 274060 - -4?
274064
In base 6, what is 5 + 3041224?
3041233
In base 7, what is -40340 + 10?
-40330
In base 13, what is 190 - -431?
5c1
In base 3, what is -2121 - 1111?
-11002
In base 8, what is 740 - 52?
666
In base 3, what is -10011120 - 2010?
-10020200
In base 7, what is 32 + -165112?
-165050
In base 4, what is 10 + -1000131331?
-1000131321
In base 4, what is -110113132 + 2?
-110113130
In base 3, what is -12 - -2211121?
2211102
In base 11, what is 0 - 3a4043?
-3a4043
In base 10, what is -1788 - 1481?
-3269
In base 13, what is 4 - -629a?
62a1
In base 3, what is -11220 - -1210?
-10010
In base 9, what is 5 + 173281?
173286
In base 13, what is 32c + 1301?
1630
In base 5, what is -332 - 1331?
-2213
In base 4, what is -1111 + 311?
-200
In base 7, what is -5 + 2056326?
2056321
In base 15, what is -1 + -13ea?
-13eb
In base 4, what is 300312 + -13?
300233
In base 2, what is -110111110010 + -1000011000?
-1000000001010
In base 5, what is -242 - -203?
-34
In base 8, what is -52 + -4505?
-4557
In base 11, what is 22 + -a081?
-a05a
In base 14, what is 123 + 1b?
140
In base 14, what is -5 + -79c44?
-79c49
In base 8, what is -1363620 + -2?
-1363622
In base 10, what is -53 + 199?
146
In base 3, what is 200 - -222200110?
222201010
In base 6, what is 100015 - 12?
100003
In base 3, what is -11201 - 2010121?
-2022022
In base 4, what is 2100 + -13111?
-11011
In base 15, what is -5b - 6c6a?
-6cc6
In base 7, what is 14045 - 60?
13655
In base 11, what is -a3 - 705a?
-7152
In base 2, what is 10110000000101 + 101?
10110000001010
In base 11, what is -6 - -12719?
12713
In base 2, what is -1100001001001111 + -1101?
-1100001001011100
In base 2, what is -11011110101 - -1110?
-11011100111
In base 8, what is 730 - 3142?
-2212
In base 14, what is -153 + -363?
-4b6
In base 7, what is 410 - 14245?
-13535
In base 4, what is -123120113 + 0?
-123120113
In base 6, what is -144 + 1411?
1223
In base 5, what is 41 + 4134303?
4134344
In base 14, what is 989 - -b8?
a63
In base 9, what is 37 - 71?
-33
In base 13, what is -1542 + -3?
-1545
In base 13, what is 0 + 2a8c96?
2a8c96
In base 12, what is 999b + -16?
9985
In base 2, what is -101100010010 + -10011001001?
-111111011011
In base 12, what is -6a63 - -4?
-6a5b
In base 5, what is 10322213 - 3?
10322210
In base 16, what is 14b53 - 3?
14b50
In base 3, what is -10001010202 + -12?
-10001010221
In base 15, what is -3024 + -5b?
-3080
In base 7, what is -1253 - 1164?
-2450
In base 3, what is -12 + 2221202010?
2221201221
In base 2, what is 101000 + -11011110011?
-11011001011
In base 5, what is 1333203 + 0?
1333203
In base 9, what is -8 + 35566?
35557
In base 2, what is -1100 - 100101010?
-100110110
In base 5, what is 130242314 + 10?
130242324
In base 8, what is -1644 - -26?
-1616
In base 11, what is -109 - -86?
-33
In base 10, what is -205 - 10311?
-10516
In base 15, what is -99 - 541?
-5da
In base 2, what is 10101101001 + 11010100?
11000111101
In base 6, what is 10 - 1341553?
-1341543
In base 6, what is 1420402 + -14?
1420344
In base 8, what is -7 + -7633?
-7642
In base 7, what is -40 + -2152?
-2222
In base 10, what is 9 - -4643?
4652
In base 11, what is -3a - -104?
75
In base 2, what is 1001110000111001 + -1100?
1001110000101101
In base 7, what is -40 - 51614?
-51654
In base 3, what is -12201001 - -2201?
-12121100
In base 14, what is -7a - -351?
2b5
In base 5, what is 111211 + -211?
111000
In base 11, what is 108 - 161a?
-1512
In base 11, what is 6a37 - 1a?
6a18
In base 9, what is -402 + 576?
174
In base 16, what is 4 - -e72?
e76
In base 14, what is -8593 + 13?
-8580
In base 4, what is -203 - -32130020?
32123211
In base 16, what is 566b - -4?
566f
In base 3, what is 110122 + 101221?
212120
In base 9, what is 14440 + -2?
14437
In base 13, what is -2 + 119a3?
119a1
In base 5, what is 300322 + -24?
300243
In base 8, what is 6 - -713061?
713067
In base 14, what is -294 + -3?
-297
In base 3, what is -2210 + -1211101?
-1221011
In base 12, what is 95 + -2797?
-2702
In base 9, what is -5 - 123470?
-123475
In base 14, what is -3 - 7?
-a
In base 11, what is -444 - -9543?
90aa
In base 10, what is -954276 + -5?
-954281
In base 13, what is -4 + 18a8b7?
18a8b3
In base 16, what is -1 - -ecaa?
eca9
In base 5, what is -2120030 + 0?
-2120030
In base 5, what is -1 + -101340431?
-101340432
In base 12, what is -a258 + 3?
-a255
In base 4, what is 10 + 1023220?
1023230
In base 4, what is 0 - 2000210?
-2000210
In base 9, what is 3 - -24112?
24115
In base 9, what is 83 + -252?
-158
In base 15, what is -7 + 15422?
1541a
In base 5, what is 12014210 - 23?
12014132
In base 4, what is -10112220 - 21?
-10112301
In base 11, what is 6377097 - 4?
6377093
In base 4, what is 201131 - -2231?
210022
In base 7, what is -15332 + 5?
-15324
In base 15, what is 7e4 + -2b?
7b8
In base 15, what is 455e34 + -2?
455e32
In base 10, what is 19170 - 4?
19166
In base 14, what is 25b - -2058?
22b5
In base 14, what is -14092 + -1?
-14093
In base 16, what is -3 - 27a3?
-27a6
In base 13, what is 0 + 25915?
25915
In base 4, what is 0 + 20000?
20000
In base 4, what is -1211 + -23021?
-30232
In base 2, what is 101010 - 1000010111110?
-1000010010100
In base 16, what is 4603 + 1a?
461d
In base 5, what is 0 - -102200?
102200
In base 14, what is -53 + 1b81?
1b2c
In base 3, what is -22200210 + -2020?
-22210000
In base 12, what is 434 - -a0?
514
In base 15, what is 1d844 - 0?
1d844
In base 8, what is 60 + -364?
-304
In base 2, what is -111100101110100100 - 101?
-111100101110101001
In base 14, what is -1073a + -5?
-10741
In base 7, what is 205350 - -142?
205522
In base 3, what is 120 + 10212011020?
10212011210
In base 15, what is 1e7c62 + -4?
1e7c5d
In base 5, what is -122 - -2422?
